{"id":4845,"date":"2020-02-18T06:02:59","date_gmt":"2020-02-18T05:02:59","guid":{"rendered":"https:\/\/liceoaprilia.edu.it\/?page_id=4845"},"modified":"2020-02-18T06:58:15","modified_gmt":"2020-02-18T05:58:15","slug":"giornale-aprilia","status":"publish","type":"page","link":"https:\/\/liceoaprilia.edu.it\/giornale-scolastico\/giornale-aprilia\/","title":{"rendered":"Break &#8211; Aprilia"},"content":{"rendered":"\n<ul class=\"lcp_catlist\" id=\"lcp_instance_0\"><li><a href=\"https:\/\/liceoaprilia.edu.it\/2022\/02\/07\/pallacanestro-sport-cardine-nel-territorio-apriliano\/\">PALLACANESTRO, SPORT CARDINE NEL TERRITORIO APRILIANO<\/a>  7 Febbraio 2022<div class=\"lcp_excerpt\">\nTra Minibasket Under e Senior, ad Aprilia la pallacanestro appassiona grandi e piccini: ecco le motivazioni per cui \u00e8 particolarmente diffuso\n\n\n\n\n\nLa pallacanestro \u00e8 uno sport avvincente, dalle mille sfaccettature, adatto a tutti; nel territorio apriliano viene praticato da un elevato numero di persone, in particolar modo adolescenti. Sport dinamico e coinvolgente \u00e8 basato interamente sul ...<\/div><\/li><li><a href=\"https:\/\/liceoaprilia.edu.it\/2021\/12\/23\/articolo-per-il-natale\/\">articolo per il natale<\/a>  23 Dicembre 2021<div class=\"lcp_excerpt\">articolo natale\n<\/div><\/li><li><a href=\"https:\/\/liceoaprilia.edu.it\/2021\/11\/28\/5-dicembre-aprilia-ecologica-organizza-una-giornata-tutta-in-verde\/\">5 DICEMBRE: APRILIA ECOLOGICA ORGANIZZA UNA GIORNATA TUTTA IN VERDE<\/a>  28 Novembre 2021<div class=\"lcp_excerpt\">\nIl 5 Dicembre 2021 il collettivo ragazzi di Aprilia Ecologica organizzer\u00e0 la seconda giornata dedicatainteramente alla tutela del territorio apriliano, in merito ai rifiuti e la raccolta differenziata.\n\n\n\n\n\nDopo il successo riscosso con il primo evento, che ha visto pi\u00f9 di 150 persone coinvolte, nella giornata di Domenica 5 Dicembre 2021, il collettivo ragazzi di Aprilia ...<\/div><\/li><li><a href=\"https:\/\/liceoaprilia.edu.it\/2021\/11\/28\/una-lotta-tutta-in-rosso-la-giornata-internazionale-contro-la-violenza-sulle-donne\/\">Una lotta tutta in rosso: la Giornata Internazionale contro la Violenza sulle Donne<\/a>  28 Novembre 2021<div class=\"lcp_excerpt\">\nUn tratto di rossetto rosso segna molte guance a ricordare tutte quelle donne che sono rimaste vittime di violenze. Donne, ragazze e bambine che non vanno dimenticate.\n\n\n\u00c8 proprio per queste donne che a partire dal 1981, in diversi paesi del mondo, si dedica questa giornata a un tema tanto delicato quanto importante, come la lotta ...<\/div><\/li><li><a href=\"https:\/\/liceoaprilia.edu.it\/2021\/06\/06\/terzo-polo-scolastico-un-progetto-che-diventa-reale-2\/\">TERZO POLO SCOLASTICO: UN PROGETTO CHE DIVENTA REALE<\/a>  6 Giugno 2021<div class=\"lcp_excerpt\">\nLa conferenza del 5 maggio 2021 sembra decidere le sorti della costruzione del futuro terzo polo nella citt\u00e0 di Aprilia.\n\n\n\n\n\nMercoled\u00ec 5 maggio 2021, alle ore 15:00, si \u00e8 tenuta, presso il Liceo Meucci di Aprilia, la conferenza per la futura costruzione di un terzo polo scolastico nel comune di Aprilia. La conferenza \u00e8 stata fortemente ...<\/div><\/li><li><a href=\"https:\/\/liceoaprilia.edu.it\/2021\/05\/25\/la-biblioteca-di-aprilia-un-importante-centro-di-aggregazione-in-declino\/\">LA BIBLIOTECA DI APRILIA: UN IMPORTANTE CENTRO DI AGGREGAZIONE IN DECLINO<\/a>  25 Maggio 2021<div class=\"lcp_excerpt\">\nNonostante le riaperture in zona gialla, la biblioteca di Aprilia rimane inaccessibile per la maggior parte dei fruitori abituali: gli studenti. Tuttavia \u00e8 in programma una riqualificazione.\n\n\n\n\n\nSin dall\u2019antichit\u00e0 la biblioteca \u00e8 stata un\u2019istituzione promotrice di cultura e di civilt\u00e0, veicolo di trasmissione di un sapere riservato a pochi; oggi, invece le biblioteche sono accessibili a ...<\/div><\/li><li><a href=\"https:\/\/liceoaprilia.edu.it\/2021\/05\/19\/terzo-polo-scolastico-un-progetto-che-diventa-reale\/\">TERZO POLO SCOLASTICO: UN PROGETTO CHE DIVENTA REALE<\/a>  19 Maggio 2021<div class=\"lcp_excerpt\">\nLa conferenza del 5 maggio 2021 sembra decidere le sorti della costruzione del futuro terzo polo nella citt\u00e0 di Aprilia.\n\n\nMercoled\u00ec 5 maggio 2021, alle ore 15:00, si \u00e8 tenuta, presso il Liceo Meucci di Aprilia, la conferenza per la futura costruzione di un terzo polo scolastico nel comune di Aprilia. La conferenza \u00e8 stata fortemente ...<\/div><\/li><li><a href=\"https:\/\/liceoaprilia.edu.it\/2021\/02\/16\/chi-sono-trvsty-e-plain-gli-artisti-apriliani-dal-grande-talento\/\">Chi sono Trvsty e Plain? Gli artisti apriliani dal grande talento.<\/a>  16 Febbraio 2021<div class=\"lcp_excerpt\">\nIl duo CLG \u00e8 una delle pi\u00f9 fresche identit\u00e0 musicali di Aprilia, apprezzata da molti. \u00c8 uscito venerd\u00ec il loro ultimo singolo \u201cIncudine\u201d.\n\n\n\n\n\n\n\nTrvsty e Plain, pseudonimi di Simone Foti e Alessandro Lo Pinto, sono due giovani artisti apriliani. Entrambi all\u2019ultimo anno delle scuole superiori, stanno investendo su loro stessi facendosi strada grazie alla musica. Il ...<\/div><\/li><li><a href=\"https:\/\/liceoaprilia.edu.it\/2020\/04\/26\/4000-euro-per-lo-spallanzani-consiglio-dei-giovani-contro-il-coronavirus\/\">4000 euro per lo Spallanzani, Consiglio dei Giovani contro il coronavirus<\/a>  26 Aprile 2020<div class=\"lcp_excerpt\">\nTramite una raccolta fondi il Consiglio dei Giovani ha potuto aiutare nella battaglia al covid-19 grazie le donazioni di tutti i cittadini.\n\n\nA partire da marzo il Consiglio Comunale dei giovani di Aprilia ha dato il via alla raccolta fondi per sostenere la struttura ospedaliera \u201cINMI  L. Spallanzani\u201d di Roma. In un breve periodo sono ...<\/div><\/li><li><a href=\"https:\/\/liceoaprilia.edu.it\/2020\/04\/15\/aprilia-nessun-nuovo-caso-di-coronavirus-per-la-giornata-di-ieri\/\">Aprilia: nessun nuovo caso di Coronavirus per la giornata di ieri<\/a>  15 Aprile 2020<div class=\"lcp_excerpt\">\nNella giornata del 14 aprile non si sono registrati nuovi casi di COVID-19 ad Aprilia, 2 in pi\u00f9 in tutta la provincia di Latina.Per la giornata di ieri si registrano 2 nuovi contagiati in tutta la provincia di Latina, rispettivamente nelle citt\u00e0 di Latina e Cori, di cui uno \u00e8 trattato a domicilio. I pazienti ...<\/div><\/li><\/ul><ul class='lcp_paginator'><li class='lcp_currentpage'>1<\/li><li><a href='https:\/\/liceoaprilia.edu.it\/wp-json\/wp\/v2\/pages\/4845?lcp_page0=2#lcp_instance_0' title='2'>2<\/a><\/li><li><a href='https:\/\/liceoaprilia.edu.it\/wp-json\/wp\/v2\/pages\/4845?lcp_page0=2#lcp_instance_0' title='2' class='lcp_nextlink'>>><\/a><\/li><\/ul>\n","protected":false},"excerpt":{"rendered":"","protected":false},"author":6,"featured_media":4873,"parent":4337,"menu_order":0,"comment_status":"closed","ping_status":"closed","template":"","meta":[],"_links":{"self":[{"href":"https:\/\/liceoaprilia.edu.it\/wp-json\/wp\/v2\/pages\/4845"}],"collection":[{"href":"https:\/\/liceoaprilia.edu.it\/wp-json\/wp\/v2\/pages"}],"about":[{"href":"https:\/\/liceoaprilia.edu.it\/wp-json\/wp\/v2\/types\/page"}],"author":[{"embeddable":true,"href":"https:\/\/liceoaprilia.edu.it\/wp-json\/wp\/v2\/users\/6"}],"replies":[{"embeddable":true,"href":"https:\/\/liceoaprilia.edu.it\/wp-json\/wp\/v2\/comments?post=4845"}],"version-history":[{"count":2,"href":"https:\/\/liceoaprilia.edu.it\/wp-json\/wp\/v2\/pages\/4845\/revisions"}],"predecessor-version":[{"id":4881,"href":"https:\/\/liceoaprilia.edu.it\/wp-json\/wp\/v2\/pages\/4845\/revisions\/4881"}],"up":[{"embeddable":true,"href":"https:\/\/liceoaprilia.edu.it\/wp-json\/wp\/v2\/pages\/4337"}],"wp:featuredmedia":[{"embeddable":true,"href":"https:\/\/liceoaprilia.edu.it\/wp-json\/wp\/v2\/media\/4873"}],"wp:attachment":[{"href":"https:\/\/liceoaprilia.edu.it\/wp-json\/wp\/v2\/media?parent=4845"}],"curies":[{"name":"wp","href":"https:\/\/api.w.org\/{rel}","templated":true}]}}

<ul class="lcp_catlist" id="lcp_instance_0"><li><a href="https://liceoaprilia.edu.it/2022/02/07/pallacanestro-sport-cardine-nel-territorio-apriliano/">PALLACANESTRO, SPORT CARDINE NEL TERRITORIO APRILIANO</a>  7 Febbraio 2022<div class="lcp_excerpt">
Tra Minibasket Under e Senior, ad Aprilia la pallacanestro appassiona grandi e piccini: ecco le motivazioni per cui è particolarmente diffuso





La pallacanestro è uno sport avvincente, dalle mille sfaccettature, adatto a tutti; nel territorio apriliano viene praticato da un elevato numero di persone, in particolar modo adolescenti. Sport dinamico e coinvolgente è basato interamente sul ...</div></li><li><a href="https://liceoaprilia.edu.it/2021/12/23/articolo-per-il-natale/">articolo per il natale</a>  23 Dicembre 2021<div class="lcp_excerpt">articolo natale
</div></li><li><a href="https://liceoaprilia.edu.it/2021/11/28/5-dicembre-aprilia-ecologica-organizza-una-giornata-tutta-in-verde/">5 DICEMBRE: APRILIA ECOLOGICA ORGANIZZA UNA GIORNATA TUTTA IN VERDE</a>  28 Novembre 2021<div class="lcp_excerpt">
Il 5 Dicembre 2021 il collettivo ragazzi di Aprilia Ecologica organizzerà la seconda giornata dedicatainteramente alla tutela del territorio apriliano, in merito ai rifiuti e la raccolta differenziata.





Dopo il successo riscosso con il primo evento, che ha visto più di 150 persone coinvolte, nella giornata di Domenica 5 Dicembre 2021, il collettivo ragazzi di Aprilia ...</div></li><li><a href="https://liceoaprilia.edu.it/2021/11/28/una-lotta-tutta-in-rosso-la-giornata-internazionale-contro-la-violenza-sulle-donne/">Una lotta tutta in rosso: la Giornata Internazionale contro la Violenza sulle Donne</a>  28 Novembre 2021<div class="lcp_excerpt">
Un tratto di rossetto rosso segna molte guance a ricordare tutte quelle donne che sono rimaste vittime di violenze. Donne, ragazze e bambine che non vanno dimenticate.


È proprio per queste donne che a partire dal 1981, in diversi paesi del mondo, si dedica questa giornata a un tema tanto delicato quanto importante, come la lotta ...</div></li><li><a href="https://liceoaprilia.edu.it/2021/06/06/terzo-polo-scolastico-un-progetto-che-diventa-reale-2/">TERZO POLO SCOLASTICO: UN PROGETTO CHE DIVENTA REALE</a>  6 Giugno 2021<div class="lcp_excerpt">
La conferenza del 5 maggio 2021 sembra decidere le sorti della costruzione del futuro terzo polo nella città di Aprilia.





Mercoledì 5 maggio 2021, alle ore 15:00, si è tenuta, presso il Liceo Meucci di Aprilia, la conferenza per la futura costruzione di un terzo polo scolastico nel comune di Aprilia. La conferenza è stata fortemente ...</div></li><li><a href="https://liceoaprilia.edu.it/2021/05/25/la-biblioteca-di-aprilia-un-importante-centro-di-aggregazione-in-declino/">LA BIBLIOTECA DI APRILIA: UN IMPORTANTE CENTRO DI AGGREGAZIONE IN DECLINO</a>  25 Maggio 2021<div class="lcp_excerpt">
Nonostante le riaperture in zona gialla, la biblioteca di Aprilia rimane inaccessibile per la maggior parte dei fruitori abituali: gli studenti. Tuttavia è in programma una riqualificazione.





Sin dall’antichità la biblioteca è stata un’istituzione promotrice di cultura e di civiltà, veicolo di trasmissione di un sapere riservato a pochi; oggi, invece le biblioteche sono accessibili a ...</div></li><li><a href="https://liceoaprilia.edu.it/2021/05/19/terzo-polo-scolastico-un-progetto-che-diventa-reale/">TERZO POLO SCOLASTICO: UN PROGETTO CHE DIVENTA REALE</a>  19 Maggio 2021<div class="lcp_excerpt">
La conferenza del 5 maggio 2021 sembra decidere le sorti della costruzione del futuro terzo polo nella città di Aprilia.


Mercoledì 5 maggio 2021, alle ore 15:00, si è tenuta, presso il Liceo Meucci di Aprilia, la conferenza per la futura costruzione di un terzo polo scolastico nel comune di Aprilia. La conferenza è stata fortemente ...</div></li><li><a href="https://liceoaprilia.edu.it/2021/02/16/chi-sono-trvsty-e-plain-gli-artisti-apriliani-dal-grande-talento/">Chi sono Trvsty e Plain? Gli artisti apriliani dal grande talento.</a>  16 Febbraio 2021<div class="lcp_excerpt">
Il duo CLG è una delle più fresche identità musicali di Aprilia, apprezzata da molti. È uscito venerdì il loro ultimo singolo “Incudine”.







Trvsty e Plain, pseudonimi di Simone Foti e Alessandro Lo Pinto, sono due giovani artisti apriliani. Entrambi all’ultimo anno delle scuole superiori, stanno investendo su loro stessi facendosi strada grazie alla musica. Il ...</div></li><li><a href="https://liceoaprilia.edu.it/2020/04/26/4000-euro-per-lo-spallanzani-consiglio-dei-giovani-contro-il-coronavirus/">4000 euro per lo Spallanzani, Consiglio dei Giovani contro il coronavirus</a>  26 Aprile 2020<div class="lcp_excerpt">
Tramite una raccolta fondi il Consiglio dei Giovani ha potuto aiutare nella battaglia al covid-19 grazie le donazioni di tutti i cittadini.


A partire da marzo il Consiglio Comunale dei giovani di Aprilia ha dato il via alla raccolta fondi per sostenere la struttura ospedaliera “INMI  L. Spallanzani” di Roma. In un breve periodo sono ...</div></li><li><a href="https://liceoaprilia.edu.it/2020/04/15/aprilia-nessun-nuovo-caso-di-coronavirus-per-la-giornata-di-ieri/">Aprilia: nessun nuovo caso di Coronavirus per la giornata di ieri</a>  15 Aprile 2020<div class="lcp_excerpt">
Nella giornata del 14 aprile non si sono registrati nuovi casi di COVID-19 ad Aprilia, 2 in più in tutta la provincia di Latina.Per la giornata di ieri si registrano 2 nuovi contagiati in tutta la provincia di Latina, rispettivamente nelle città di Latina e Cori, di cui uno è trattato a domicilio. I pazienti ...</div></li></ul><ul class='lcp_paginator'><li class='lcp_currentpage'>1</li><li><a href='https://liceoaprilia.edu.it/wp-json/wp/v2/pages/4845?lcp_page0=2#lcp_instance_0' title='2'>2</a></li><li><a href='https://liceoaprilia.edu.it/wp-json/wp/v2/pages/4845?lcp_page0=2#lcp_instance_0' title='2' class='lcp_nextlink'>>></a></li></ul>
